{"id":8,"date":"2016-10-03T14:18:10","date_gmt":"2016-10-03T17:18:10","guid":{"rendered":"http:\/\/kappelinternacaoeremocao.com.br\/ritec\/?page_id=8"},"modified":"2016-10-19T13:50:08","modified_gmt":"2016-10-19T15:50:08","slug":"o-sistema","status":"publish","type":"page","link":"https:\/\/www.ritecdobrasil.com.br\/?page_id=8","title":{"rendered":"O Sistema"},"content":{"rendered":"<p style=\"text-align: justify;\">Possu\u00edmos um sistema integrado com atualiza\u00e7\u00f5es em tempo real, o cliente ter\u00e1 um acesso e com isso ter\u00e1 todas as informa\u00e7\u00f5es decorrentes do seu caso, uma ferramenta eficaz com recursos de alto padr\u00e3o.<\/p>\n<h2 style=\"text-align: justify;\"><span style=\"color: #ff0000;\">\u00c1rea restrita<\/span><\/h2>\n<p style=\"text-align: justify;\">O cliente pode acessar, atrav\u00e9s de qualquer dispositivo, os relat\u00f3rios gerenciais e inserir os t\u00edtulos para cobran\u00e7a, sem a necessidade de instala\u00e7\u00e3o de software, o que permite maior seguran\u00e7a para o cliente.<\/p>\n<p style=\"text-align: justify;\">\u00a0<a href=\"http:\/\/kappelinternacaoeremocao.com.br\/ritec\/wp-content\/uploads\/2016\/10\/tela2.png\" rel=\"lightbox[8]\"><img loading=\"lazy\" decoding=\"async\" class=\"alignnone wp-image-71\" src=\"http:\/\/kappelinternacaoeremocao.com.br\/ritec\/wp-content\/uploads\/2016\/10\/tela2-300x135.png\" alt=\"tela2\" width=\"600\" height=\"270\" srcset=\"https:\/\/www.ritecdobrasil.com.br\/wp-content\/uploads\/2016\/10\/tela2-300x135.png 300w, https:\/\/www.ritecdobrasil.com.br\/wp-content\/uploads\/2016\/10\/tela2-768x345.png 768w, https:\/\/www.ritecdobrasil.com.br\/wp-content\/uploads\/2016\/10\/tela2.png 926w\" sizes=\"auto, (max-width: 600px) 100vw, 600px\" \/><\/a><\/p>\n<h3 style=\"text-align: justify;\"><span style=\"color: #ff0000;\">Resumo Financeiro<\/span><\/h3>\n<p style=\"text-align: justify;\">Permite a visualiza\u00e7\u00e3o com status dos repasses realizados, programados e seus respectivos t\u00edtulos como: pagamento integral, pagamento parcial, em acordo, cobran\u00e7a judicial entre outros<\/p>\n<p style=\"text-align: justify;\"><a href=\"http:\/\/kappelinternacaoeremocao.com.br\/ritec\/wp-content\/uploads\/2016\/10\/tela1.png\" rel=\"lightbox[8]\"><img loading=\"lazy\" decoding=\"async\" class=\"alignnone wp-image-70\" src=\"http:\/\/kappelinternacaoeremocao.com.br\/ritec\/wp-content\/uploads\/2016\/10\/tela1-300x135.png\" alt=\"tela1\" width=\"600\" height=\"270\" srcset=\"https:\/\/www.ritecdobrasil.com.br\/wp-content\/uploads\/2016\/10\/tela1-300x135.png 300w, https:\/\/www.ritecdobrasil.com.br\/wp-content\/uploads\/2016\/10\/tela1-768x345.png 768w, https:\/\/www.ritecdobrasil.com.br\/wp-content\/uploads\/2016\/10\/tela1.png 926w\" sizes=\"auto, (max-width: 600px) 100vw, 600px\" \/><\/a><\/p>\n<h3 style=\"text-align: justify;\"><span style=\"color: #ff0000;\">T\u00edtulos<\/span><\/h3>\n<p style=\"text-align: justify;\">Com tela gerencial parametrizada \u00e9 poss\u00edvel visualizar os t\u00edtulos pelo status.E ainda pode fazer o filtro de visualiza\u00e7\u00e3o de t\u00edtulos conforme o seu interesse.<\/p>\n<h3 style=\"text-align: justify;\"><span style=\"color: #ff0000;\">Acordos Ativos<\/span><\/h3>\n<p style=\"text-align: justify;\">Relaciona todos os acordos que foram fechados e que est\u00e3o em andamento, para que o cliente possa fazer uma proje\u00e7\u00e3o de suas receitas.<\/p>\n<p style=\"text-align: justify;\"><img loading=\"lazy\" decoding=\"async\" class=\"alignnone wp-image-80\" src=\"http:\/\/www.ritecdobrasil.com.br\/wp-content\/uploads\/2016\/10\/tela4-300x225.png\" alt=\"tela4\" width=\"600\" height=\"450\" srcset=\"https:\/\/www.ritecdobrasil.com.br\/wp-content\/uploads\/2016\/10\/tela4-300x225.png 300w, https:\/\/www.ritecdobrasil.com.br\/wp-content\/uploads\/2016\/10\/tela4-768x576.png 768w, https:\/\/www.ritecdobrasil.com.br\/wp-content\/uploads\/2016\/10\/tela4.png 1024w\" sizes=\"auto, (max-width: 600px) 100vw, 600px\" \/><\/p>\n<h3 style=\"text-align: justify;\"><span style=\"color: #ff0000;\">Eventos Realizados<\/span><\/h3>\n<p style=\"text-align: justify;\">\u00c9 poss\u00edvel que o cliente visualize os detalhes da cobran\u00e7a de cada devedor, de forma online, permitindo maior transpar\u00eancia na consulta de dados.<\/p>\n<p style=\"text-align: justify;\"><img loading=\"lazy\" decoding=\"async\" class=\"alignnone wp-image-81\" src=\"http:\/\/www.ritecdobrasil.com.br\/wp-content\/uploads\/2016\/10\/tela5-300x225.png\" alt=\"tela5\" width=\"600\" height=\"450\" srcset=\"https:\/\/www.ritecdobrasil.com.br\/wp-content\/uploads\/2016\/10\/tela5-300x225.png 300w, https:\/\/www.ritecdobrasil.com.br\/wp-content\/uploads\/2016\/10\/tela5-768x576.png 768w, https:\/\/www.ritecdobrasil.com.br\/wp-content\/uploads\/2016\/10\/tela5.png 1024w\" sizes=\"auto, (max-width: 600px) 100vw, 600px\" \/><\/p>\n<h3 style=\"text-align: justify;\"><span style=\"color: #ff0000;\">Ver Repasses<\/span><\/h3>\n<p style=\"text-align: justify;\">Nesta tela o cliente consegue verificar todos os repasses realizados e a realizar, por data de repasse e mensal para seu amplo controle gerencial.<\/p>\n<p style=\"text-align: justify;\"><img loading=\"lazy\" decoding=\"async\" class=\"alignnone wp-image-82\" src=\"http:\/\/www.ritecdobrasil.com.br\/wp-content\/uploads\/2016\/10\/tela6-300x225.png\" alt=\"tela6\" width=\"600\" height=\"450\" srcset=\"https:\/\/www.ritecdobrasil.com.br\/wp-content\/uploads\/2016\/10\/tela6-300x225.png 300w, https:\/\/www.ritecdobrasil.com.br\/wp-content\/uploads\/2016\/10\/tela6-768x576.png 768w, https:\/\/www.ritecdobrasil.com.br\/wp-content\/uploads\/2016\/10\/tela6.png 1024w\" sizes=\"auto, (max-width: 600px) 100vw, 600px\" \/><\/p>\n<h3 style=\"text-align: justify;\">\n<span style=\"color: #ff0000;\">Relat\u00f3rio Gerencial em Excel<\/span><\/h3>\n<p style=\"text-align: justify;\">Ao selecionar um per\u00edodo, o cliente tem a op\u00e7\u00e3o de gerar o relat\u00f3rio em arquivo Excel, podendo gerenciar a sua carteira e seus recebimentos da melhor maneira.<\/p>\n\n<div style=\"display: block !important; margin:0 !important; padding: 0 !important\" id=\"wpp_popup_post_end_element\"><\/div>","protected":false},"excerpt":{"rendered":"<p>Possu\u00edmos um sistema integrado com atualiza\u00e7\u00f5es em tempo real, o cliente ter\u00e1 um acesso e com isso ter\u00e1 todas as informa\u00e7\u00f5es decorrentes do seu caso, uma ferramenta eficaz com recursos de alto padr\u00e3o. \u00c1rea restrita O cliente pode acessar, atrav\u00e9s de qualquer dispositivo, os relat\u00f3rios gerenciais e inserir os t\u00edtulos para cobran\u00e7a, sem a necessidade [&hellip;]<\/p>\n","protected":false},"author":1,"featured_media":0,"parent":0,"menu_order":0,"comment_status":"closed","ping_status":"closed","template":"","meta":{"footnotes":""},"class_list":["post-8","page","type-page","status-publish","hentry"],"_links":{"self":[{"href":"https:\/\/www.ritecdobrasil.com.br\/index.php?rest_route=\/wp\/v2\/pages\/8","targetHints":{"allow":["GET"]}}],"collection":[{"href":"https:\/\/www.ritecdobrasil.com.br\/index.php?rest_route=\/wp\/v2\/pages"}],"about":[{"href":"https:\/\/www.ritecdobrasil.com.br\/index.php?rest_route=\/wp\/v2\/types\/page"}],"author":[{"embeddable":true,"href":"https:\/\/www.ritecdobrasil.com.br\/index.php?rest_route=\/wp\/v2\/users\/1"}],"replies":[{"embeddable":true,"href":"https:\/\/www.ritecdobrasil.com.br\/index.php?rest_route=%2Fwp%2Fv2%2Fcomments&post=8"}],"version-history":[{"count":6,"href":"https:\/\/www.ritecdobrasil.com.br\/index.php?rest_route=\/wp\/v2\/pages\/8\/revisions"}],"predecessor-version":[{"id":83,"href":"https:\/\/www.ritecdobrasil.com.br\/index.php?rest_route=\/wp\/v2\/pages\/8\/revisions\/83"}],"wp:attachment":[{"href":"https:\/\/www.ritecdobrasil.com.br\/index.php?rest_route=%2Fwp%2Fv2%2Fmedia&parent=8"}],"curies":[{"name":"wp","href":"https:\/\/api.w.org\/{rel}","templated":true}]}}